t of j?
7
Let o = -2 - -14. Suppose -o = -m - 2*m. Suppose 3*y - m*f - 160 = f, -5*y - 2*f = -246. What is the units digit of y?
0
Suppose 5*y - 1060 = y. What is the tens digit of y?
6
Let s = 61 - 57. Suppose -s*c = -81 - 151. What is the tens digit of c?
5
Let z be 24/4 - (3 + -1). Suppose 0 = -10*d + 520 + 850. Suppose 0 = 2*k + 3*w - d, 4*w + 0 = z*k - 264. What is the tens digit of k?
6
Let k = -329 - -587. What is the units digit of k?
8
What is the hundreds digit of 465 + -1 + -1 - 1?
4
Suppose 2*f - 334 = 4*i - 7*i, -2*i + 220 = 2*f. Let o = i + -67. Let r = o + -26. What is the tens digit of r?
2
Let a = 39 + -62. Let o = -18 - a. What is the units digit of o?
5
Let x(a) = 23*a**2 - 178*a + 17. What is the hundreds digit of x(15)?
5
What is the tens digit of 192/288 - ((-1183)/3 - 2)?
9
Let w(x) = x**3 + 15*x**2 + 13*x + 15. Let d(c) = 2*c**3 + 4*c**2 - 3*c - 5. Let q be d(-3). What is the tens digit of w(q)?
2
Suppose n - 10 + 7 = 0. Suppose n*s + 44 = 8. Let f = s + 43. What is the units digit of f?
1
Let u(l) = -l**3 - 18*l**2 - 18*l - 9. Let m be u(-17). Let o = m + -6. What is the units digit of o?
2
What is the tens digit of 1320 - (-3)/9*3?
2
Let d be -1*2*(-3)/(-2). Let t be (-1 - (-8 + 4)) + d. What is the units digit of t/(-1) + (-2 - -10)?
8
Suppose -27 = -3*u + 3*i, -5*u + 3*i + 20 = -15. Suppose 0*m + m + u*v = 38, -38 = -m - v. What is the tens digit of m?
3
Suppose 2*y = -2*w + 4*y - 20, 3*w = -y - 14. Let c(l) = -9*l + 5. What is the units digit of c(w)?
9
Let g(v) = v**3 - 4*v**2 - 5*v - 8. Let s(h) = 2*h**3 - 8*h**2 - 10*h - 15. Let w(p) = 5*g(p) - 2*s(p). What is the tens digit of w(6)?
3
Let h(d) = 4*d**2 - 24*d + 317. What is the tens digit of h(28)?
8
Let d = -121 - 28. Let l = d + 222. What is the units digit of l?
3
Suppose -t = 36*b - 37*b - 4084, 2*t = -5*b + 8133. What is the thousands digit of t?
4
Suppose 0 = -2*v - 2*i + 14, 4*i + 10 = -v + 29. Suppose 5*d = v*b - 50, b - 6*b - 4*d = -145. What is the tens digit of b?
2
Let z(x) = 9*x**3 - 6*x**2 + 13*x - 12. What is the units digit of z(3)?
6
Let l(v) = v**3 - 10*v**2 - 5*v + 1. Let i(r) = -r**3 + 11*r**2 + 5*r - 2. Let t(f) = 5*i(f) + 6*l(f). Let x be t(6). What is the units digit of x/5 + 46/10?
5
Suppose 0 = 28*a - 37*a. Let j(q) = q**3 - q**2 + 2*q - 1. Let g be j(2). Let p = g + a. What is the units digit of p?
7
Suppose 13 + 2 = 5*o. Let l(q) = -q**2 + 5*q - 3. What is the units digit of l(o)?
3
Suppose -13 - 39 = u. Let h = -37 - u. Let m = h - 6. What is the units digit of m?
9
Let h = -1369 - -1951. What is the units digit of h?
2
Suppose 0*q = -2*q - 2*r + 492, 1240 = 5*q + 3*r. What is the tens digit of q?
5
Suppose 7*u = 208 + 646. What is the hundreds digit of u?
1
Suppose -7*x - 1745 = -7149. What is the hundreds digit of x?
7
Let u be (7/(-2))/((-3)/(-6)). Let t = u - -45. What is the tens digit of t?
3
Let o = -10 - -12. What is the units digit of 625/15 - -3 - o/(-6)?
5
Suppose 0 = -2*a - 3*a + 90. Let x = a - 1. What is the units digit of x?
7
Let l be (-24)/(-3)*(-3)/3. What is the units digit of 1204/16 + 2/l?
5
Suppose -4*p + w = p - 442, -5*w - 430 = -5*p. What is the units digit of p?
9
Let f = -1510 - -4142. What is the units digit of f?
2
Let f = -2944 - -5609. What is the thousands digit of f?
2
Let c(m) = -155*m - 144. What is the tens digit of c(-6)?
8
Suppose -4 - 11 = -3*n. Suppose 2*k = 4*y + 50, -4*k - 2*y + n*y = -85. What is the tens digit of k?
1
Let n(y) = 248*y + 815. What is the tens digit of n(6)?
0
Suppose 59*i - 219176 = 55646. What is the tens digit of i?
5
Let f(c) = -3*c + 1. Let x be f(6). Let a = 24 + x. Suppose -21 = -p + a. What is the tens digit of p?
2
Let w = 5 + -3. Let n be (-8 - -10)*(-9)/(-2). Let p = w + n. What is the units digit of p?
1
Suppose 3*a + 3 = 6. Let h(t) = -18*t + 7 + 16*t - 2 - a. What is the units digit of h(-7)?
8
Suppose -8*v + 5*v + 9 = 0. Suppose -2*p - 3*p = c - 80, p = -v*c + 30. What is the units digit of (-3 - 2)*(-9)/p?
3
Let z(a) = a**3 - 22*a**2 + a + 15. Let q(s) = -s + 22. Let l be q(0). What is the units digit of z(l)?
7
Let i(l) = 40*l**2 - 5*l + 20. What is the tens digit of i(4)?
4
Let d = 20 - 17. Suppose -d*v + 152 = -106. What is the tens digit of v?
8
Suppose -58*m = -14333 - 10259. What is the hundreds digit of m?
4
Suppose 6*m - 11 - 19 = 0. What is the tens digit of m - (-34)/(-6) - (-790)/6?
3
Let o = 1391 + -552. What is the hundreds digit of o?
8
Let j = 4 + -2. Let z be (0 + -4)*j/(-2). Suppose -8*p + z*p = -56. What is the tens digit of p?
1
Suppose -3*t = 5*l - 1519, 10*t = 3*l + 7*t - 897. What is the hundreds digit of l?
3
Let g(v) = v**2. Suppose 0 = -2*w - 0*w + c + 2, 16 = 3*w + 5*c. Let j be g(w). Let u(a) = a**3 - 5*a**2 + 5*a + 2. What is the units digit of u(j)?
6
Let h(w) = -2*w**3 + 21*w**2 - 6*w - 12. Let x be h(10). What is the tens digit of ((-119)/x)/(1/(-4))?
1
Suppose -z - 283 = 4*q + 152, z + 3*q = -430. Let k = -280 - z. What is the tens digit of k?
3
Suppose -5*c + 836 = 4*h - 2*h, -h = 5*c - 428. Let v = h - 291. What is the units digit of v?
7
Suppose -121*r = -125*r - 120. Suppose -z = -5*z + 224. Let v = z + r. What is the units digit of v?
6
Let p be (-56)/(-16) - (-1)/2. Suppose b + 210 = p*b. Let t = b - 40. What is the units digit of t?
0
Suppose 0*h = h - 16. Suppose -3*t + h = -0*z + 4*z, -t + 3*z = 12. Suppose -2*n - 2*n - 64 = -4*y, t = -5*y - 4*n + 116. What is the tens digit of y?
2
Let v(r) = -3*r**2 + r - 16. Let t(g) = -3*g**2 - 16. Let i(m) = 6*t(m) - 7*v(m). What is the hundreds digit of i(10)?
2
What is the units digit of (-4697)/(-15) - (-5)/((-450)/12)?
3
Suppose 3*y - 414 = -5*t, 2*t + 23*y - 24*y - 159 = 0. What is the tens digit of t?
8
Let v(u) = -29*u + 117. Let h(f) = -14*f + 59. Let o(d) = -5*h(d) + 3*v(d). What is the units digit of o(-6)?
8
Let q = 58 + -46. What is the tens digit of -2 - 180/(-3)*q/10?
7
Let t be 30*(9/2)/9. Let f(n) = -n**3 + 16*n**2 - 13*n - 13. What is the units digit of f(t)?
7
Let z(m) = 76*m. Suppose -3*r - 5 = 4*f, -r - 2*r = 3*f + 6. Let h(b) = 7*b. Let w(l) = r*z(l) + 32*h(l). What is the units digit of w(-1)?
4
Let k(n) = -n**3 + 9*n**2 - 2*n - 4. Let w be k(7). Suppose -146 - w = 5*h + 2*r, -h + 3*r = 52. What is the tens digit of h*3/(-6) - -1?
2
Suppose r = 5*j + 615, 27*r - 26*r = 2*j + 600. What is the tens digit of r?
9
Suppose 0 = 135*s - 131*s - 20. Suppose -6*a = -u - 7*a + 76, u = s*a + 100. What is the tens digit of u?
8
Suppose 2*y - 11 = -3*o, 0*o - 12 = -4*o - 2*y. Suppose 9 = 4*r + o. Suppose -4*j - r = -6. What is the units digit of j?
1
Suppose 3*p - 4*p = 15. Let b = 81 + p. What is the units digit of b?
6
Let w = -5 - -7. Suppose 4*u - 77 = w*h - 19, 3*h = 5*u - 90. What is the units digit of (-10)/h - 80/(-14)?
6
Let p(v) = v**2 - 3*v - 95. What is the units digit of p(19)?
9
Let v = 13 + -12. Let b be 0 + -2 + (v - -7). Suppose o + b = 2*o. What is the units digit of o?
6
What is the hundreds digit of (-5 - 0) + 2464/((-77)/(-7))?
2
Let s(u) = -u**2 + 7*u - 3. Let m be s(3). Let n(w) = 9*w. Let r(g) = 8*g + 1. Let z(p) = -5*n(p) + 6*r(p). What is the tens digit of z(m)?
3
Let i = 426 - -29. Suppose 80 - i = -3*y. What is the units digit of y?
5
Let x = -357 + 518. Suppose -2*b + 259 = -x. Suppose 4*o + 5*v = 132, -o + 6*o - b = 5*v. What is the tens digit of o?
3
Suppose 0 = 4*z - 0*z - 28. Suppose -2*d - a = -40, -4*d + 87 = -5*a - z. What is the units digit of d?
1
Suppose -3 = -7*x + 4*x. Let k(w) = 3*w**2 - w. Let b be k(x). Suppose -b*i + 1 + 7 = 0, -4*n + 5*i = -120. What is the units digit of n?
5
Let o = -23 + 35. Suppose -o*g = -9*g - 66. What is the units digit of g?
2
Let j = -923 + 1679. What is the units digit of j?
6
Suppose -3*i = 2*i - 80. Let n(u) be the third derivative of -u**6/120 + 17*u**5/60 - u**4/2 - 23*u**3/6 - u**2 + 29. What is the units digit of n(i)?
1
Suppose 0 = 4*z - 3*i + 1044, i + 1044 = -z - 3*z. Let j = -122 - z. What is the units digit of j?
9
Let a(q) = q**2 + q + 4. Let g be a(0). Suppose -g*u = u - 30. Suppose 0 = -3*h - 0*h + u. What is the units digit of h?
2
Suppose w = -6*w + 21. Let f(y) = y - 3. Let k be f(w). Suppose -4*z + 2*g + 38 + 4 = 0, -2*g + 6 = k. What is the units digit of z?
2
Suppose -372*y = 